{"id":11,"date":"2026-01-14T11:52:33","date_gmt":"2026-01-14T10:52:33","guid":{"rendered":"https:\/\/niw.masterbeing.pl\/?page_id=11"},"modified":"2026-01-14T15:06:38","modified_gmt":"2026-01-14T14:06:38","slug":"niw","status":"publish","type":"page","link":"https:\/\/niw.masterbeing.pl\/","title":{"rendered":"NiW &#8211; Niez\u0142omno\u015b\u0107 i Wiara"},"content":{"rendered":"\t\t<div data-elementor-type=\"wp-page\" data-elementor-id=\"11\" class=\"elementor elementor-11\">\n\t\t\t\t<div class=\"elementor-element elementor-element-ed275d4 e-con-full e-flex e-con e-parent\" data-id=\"ed275d4\" data-element_type=\"container\">\n\t\t\t\t<div class=\"elementor-element elementor-element-d0ef46f elementor-widget elementor-widget-html\" data-id=\"d0ef46f\" data-element_type=\"widget\" data-widget_type=\"html.default\">\n\t\t\t\t\t<iframe \r\n  src=\"https:\/\/kresy-pamiec-i-wiara-65fa54a9.base44.app\/\" \r\n  style=\"width:100%; height:100%vw; border:none; display:block;\" \r\n  loading=\"lazy\">\r\n<\/iframe>\r\n\r\n<div class=\"overlay-logo\">\r\n  <img decoding=\"async\" src=\"https:\/\/podarujdobro.xprojekt.eu\/wp-content\/uploads\/2026\/01\/logo_masterbeing_small.png\" alt=\"MasterBeing Logo\" \/>\r\n<\/div>\r\n\r\n<style>\r\n.overlay-logo {\r\n  position: fixed;       \/* przyklejony do okna przegl\u0105darki *\/\r\n  bottom: 0px;          \/* 0px od do\u0142u *\/\r\n  right: 1px;          \/* 0px od prawej *\/\r\n  z-index: 9999         \/* nad wszystkimi elementami iframe *\/\r\n  background: #ffffff;   \/* ca\u0142kowicie bia\u0142e t\u0142o *\/\r\n  padding: 10px 20px;\r\n  border-radius: 10px;\r\n  box-shadow: 0 0 10px rgba(0,0,0,0.2);\r\n}\r\n.overlay-logo img {\r\n  height: 82px;          \/* dopasuj rozmiar logo *\/\r\n  display: block;\r\n}\r\n<\/style>\r\n\t\t\t\t<\/div>\n\t\t\t\t<\/div>\n\t\t\t\t<\/div>\n\t\t","protected":false},"excerpt":{"rendered":"","protected":false},"author":1,"featured_media":0,"parent":0,"menu_order":0,"comment_status":"closed","ping_status":"closed","template":"elementor_canvas","meta":{"footnotes":""},"class_list":["post-11","page","type-page","status-publish","hentry"],"_links":{"self":[{"href":"https:\/\/niw.masterbeing.pl\/index.php?rest_route=\/wp\/v2\/pages\/11","targetHints":{"allow":["GET"]}}],"collection":[{"href":"https:\/\/niw.masterbeing.pl\/index.php?rest_route=\/wp\/v2\/pages"}],"about":[{"href":"https:\/\/niw.masterbeing.pl\/index.php?rest_route=\/wp\/v2\/types\/page"}],"author":[{"embeddable":true,"href":"https:\/\/niw.masterbeing.pl\/index.php?rest_route=\/wp\/v2\/users\/1"}],"replies":[{"embeddable":true,"href":"https:\/\/niw.masterbeing.pl\/index.php?rest_route=%2Fwp%2Fv2%2Fcomments&post=11"}],"version-history":[{"count":72,"href":"https:\/\/niw.masterbeing.pl\/index.php?rest_route=\/wp\/v2\/pages\/11\/revisions"}],"predecessor-version":[{"id":86,"href":"https:\/\/niw.masterbeing.pl\/index.php?rest_route=\/wp\/v2\/pages\/11\/revisions\/86"}],"wp:attachment":[{"href":"https:\/\/niw.masterbeing.pl\/index.php?rest_route=%2Fwp%2Fv2%2Fmedia&parent=11"}],"curies":[{"name":"wp","href":"https:\/\/api.w.org\/{rel}","templated":true}]}}